?
3
Calculate the greatest common divisor of 2 and 56.
2
Calculate the highest common divisor of 437 and 115.
23
What is the greatest common factor of 555 and 777?
111
What is the highest common divisor of 310 and 10?
10
Calculate the highest common divisor of 372 and 310.
62
Calculate the greatest common factor of 2034 and 18.
18
What is the greatest common factor of 7189 and 14?
7
What is the greatest common factor of 57 and 573?
3
Calculate the highest common factor of 324 and 36.
36
Calculate the highest common divisor of 1079 and 13.
13
Calculate the highest common factor of 132 and 60.
12
Calculate the greatest common factor of 42 and 112.
14
What is the highest common factor of 75 and 195?
15
Calculate the highest common divisor of 37 and 8399.
37
What is the highest common divisor of 703 and 185?
37
What is the highest common divisor of 510 and 40?
10
Calculate the highest common divisor of 180 and 1710.
90
What is the highest common divisor of 20 and 8?
4
What is the highest common divisor of 10 and 280?
10
Calculate the greatest common divisor of 100 and 8725.
25
What is the highest common divisor of 2010 and 320?
10
Calculate the highest common divisor of 27 and 2727.
27
Calculate the highest common factor of 126 and 306.
18
What is the highest common factor of 692 and 36?
4
Calculate the greatest common factor of 635 and 11176.
127
What is the highest common divisor of 576 and 160?
32
Calculate the greatest common factor of 216 and 16.
8
What is the highest common factor of 148 and 128?
4
Calculate the greatest common factor of 86 and 215.
43
Calculate the greatest common factor of 112 and 70.
14
Calculate the greatest common factor of 4 and 12.
4
What is the highest common factor of 81 and 9?
9
Calculate the highest common factor of 30 and 7710.
30
What is the highest common divisor of 72 and 1396?
4
Calculate the greatest common factor of 240 and 300.
60
What is the highest common divisor of 88 and 66?
22
What is the highest common divisor of 935 and 11?
11
What is the greatest common factor of 260 and 80?
20
What is the highest common divisor of 56 and 7336?
56
Calculate the greatest common divisor of 78 and 702.
78
What is the highest common factor of 1770 and 9912?
354
What is the greatest common divisor of 12 and 32796?
12
Calculate the highest common factor of 9435 and 30.
15
Calculate the highest common factor of 1003 and 17.
17
Calculate the greatest common divisor of 22 and 836.
22
Calculate the highest common divisor of 86 and 2881.
43
Calculate the greatest common factor of 10 and 5.
5
What is the highest common divisor of 386 and 8?
2
Calculate the greatest common divisor of 104 and 611.
13
What is the greatest common divisor of 34 and 34?
34
Calculate the highest common factor of 570 and 152.
38
Calculate the greatest common divisor of 30 and 6.
6
What is the greatest common divisor of 12 and 204?
12
What is the highest common factor of 273 and 7182?
21
What is the highest common divisor of 51 and 2193?
51
Calculate the greatest common divisor of 775 and 1333.
31
What is the greatest common divisor of 1257 and 39386?
419
Calculate the greatest common divisor of 10 and 45.
5
What is the greatest common divisor of 64 and 1152?
64
Calculate the highest common factor of 15755 and 575.
115
Calculate the highest common factor of 10670 and 97.
97
What is the greatest common divisor of 280 and 245?
35
Calculate the highest common divisor of 30 and 45.
15
What is the highest common divisor of 3712 and 96?
32
What is the highest common factor of 18 and 1818?
18
Calculate the greatest common divisor of 90 and 180.
90
Calculate the greatest common factor of 18516 and 24.
12
Calculate the highest common factor of 3264 and 240.
48
Calculate the highest common factor of 36287 and 131.
131
Calculate the greatest common divisor of 121 and 41.
1
Calculate the highest common factor of 144 and 5634.
18
Calculate the greatest common factor of 845 and 20.
5
What is the highest common divisor of 37 and 37?
37
What is the highest common divisor of 1508 and 2842?
58
What is the greatest common factor of 48 and 312?
24
Calculate the greatest common factor of 205 and 10.
5
Calculate the greatest common divisor of 68 and 119.
17
What is the highest common factor of 30751 and 161?
161
What is the highest common factor of 38 and 1254?
38
What is the greatest common factor of 8 and 15944?
8
Calculate the highest common factor of 12 and 564.
12
What is the greatest common factor of 45 and 4410?
45
What is the greatest common factor of 66 and 3861?
33
Calculate the highest common divisor of 26 and 5707.
13
Calculate the highest common factor of 38 and 4883.
19
Calculate the highest common factor of 14065 and 29.
29
Calculate the greatest common divisor of 99 and 286.
11
Calculate the highest common divisor of 5 and 10.
5
What is the greatest common divisor of 18 and 2778?
6
Calculate the greatest common factor of 1152 and 432.
144
What is the greatest common factor of 2225 and 400?
25
Calculate the highest common factor of 40 and 3296.
8
Calculate the highest common divisor of 63 and 81.
9
Calculate the highest common divisor of 3025 and 100.
25
What is the highest common factor of 2 and 886?
2
Calculate the highest common factor of 15344 and 112.
112
What is the highest common factor of 143 and 338?
13
What is the greatest common divisor of 31058 and 53?
53
What is the highest common divisor of 30 and 90?
30
Calculate the highest common factor of 924 and 3108.
84
What is the greatest common factor of 1102 and 133?
19
What is the greatest common factor of 752 and 48?
16
Calculate the highest common divisor of 8523 and 9.
9
Calculate the highest common divisor of 372 and 4340.
124
Calculate the greatest common factor of 34056 and 165.
33
What is the greatest common factor of 48 and 18?
6
What is the greatest common factor of 3702 and 6?
6
What is the greatest common factor of 368 and 161?
23
What is the highest common divisor of 11 and 77?
11
Calculate the greatest common factor of 89 and 1157.
89
Calculate the greatest common factor of 8 and 664.
8
Calculate the greatest common factor of 1216 and 190.
38
What is the greatest common divisor of 138 and 46?
46
Calculate the greatest common factor of 3350 and 100.
50
What is the greatest common divisor of 4321 and 29?
29
Calculate the greatest common factor of 38 and 27018.
38
Calculate the highest common factor of 81 and 9.
9
What is the highest common divisor of 11 and 6831?
11
Calculate the greatest common factor of 187 and 136.
17
What is the highest common divisor of 880 and 22?
22
Calculate the highest common divisor of 1296 and 176.
16
What is the highest common factor of 558 and 18?
18
Calculate the greatest common factor of 34 and 493.
17
Calculate the greatest common factor of 403 and 26.
13
Calculate the highest common factor of 12 and 18.
6
Calculate the highest common divisor of 7042 and 112.
14
Calculate the greatest common factor of 128 and 4288.
64
What is the greatest common factor of 40 and 1160?
40
Calculate the highest common divisor of 10 and 35.
5
What is the greatest common factor of 61 and 1159?
61
Calculate the greatest common divisor of 368 and 23.
23
What is the highest common divisor of 64080 and 45?
45
Calculate the highest common divisor of 17014 and 94.
94
What is the highest common divisor of 5979 and 21?
3
Calculate the greatest common divisor of 4632 and 96.
24
Calculate the highest common divisor of 494 and 1352.
26
What is the greatest common divisor of 108 and 27?
27
Calculate the greatest common divisor of 58 and 3074.
58
Calculate the highest common factor of 891 and 1056.
33
What is the greatest common factor of 161 and 2185?
23
Calculate the highest common divisor of 11 and 2123.
11
What is the highest common factor of 633 and 12?
3
What is the greatest common divisor of 1962 and 738?
18
Calculate the greatest common factor of 1 and 16.
1
What is the highest common factor of 405 and 5805?
135
What is the highest common factor of 80 and 128?
16
Calculate the highest common factor of 81 and 35559.
81
Calculate the greatest common factor of 49863 and 11.
11
What is the highest common divisor of 343 and 294?
49
What is the highest common factor of 12912 and 48?
4